{"id":2306,"date":"2021-09-02T09:01:51","date_gmt":"2021-09-02T09:01:51","guid":{"rendered":"https:\/\/neon.vn\/blogs\/?page_id=2306"},"modified":"2021-09-02T09:01:52","modified_gmt":"2021-09-02T09:01:52","slug":"gioi-thieu-ve-neon-vn","status":"publish","type":"page","link":"https:\/\/neon.vn\/blogs\/gioi-thieu-ve-neon-vn","title":{"rendered":"Gi\u1edbi thi\u1ec7u v\u1ec1 Neon.vn &#8211; Shop g\u1ed1m online"},"content":{"rendered":"\n<p><img decoding=\"async\" src=\"https:\/\/neon.vn\/image\/catalog\/module-image\/viber_image_2019-05-22_10-01-12.jpg\" alt=\"\" title=\"\">Ch\u00fang t\u00f4i giao h\u00e0ng b\u00e1n h\u00e0ng thu ti\u1ec1n tr\u00ean to\u00e0n qu\u1ed1c.&nbsp;&nbsp;<br>H\u00ecnh \u1ea3nh l\u00f2 g\u1ed1m t\u1ea1i B\u00e1t Tr\u00e0ng n\u01a1i s\u1ea3n xu\u1ea5t c\u00e1c s\u1ea3n ph\u1ea9m c\u1ee7a ch\u00fang t\u00f4i:<\/p>\n\n\n\n<figure class=\"wp-block-table\"><table><tbody><tr><td><img decoding=\"async\" src=\"https:\/\/neon.vn\/image\/catalog\/module-image\/lo-gom-Bat-Trang1.jpg\" alt=\"\" title=\"\"><\/td><\/tr><tr><td>M\u1ed9t g\u00f3c s\u1ea3n xu\u1ea5t c\u1ee7a l\u00f2<\/td><\/tr><\/tbody><\/table><\/figure>\n\n\n\n<figure class=\"wp-block-table\"><table><tbody><tr><td><img decoding=\"async\" src=\"https:\/\/neon.vn\/image\/catalog\/module-image\/lo-gom-Bat-Trang2.jpg\" alt=\"\" title=\"\"><\/td><\/tr><tr><td>\u0110\u00e2y l\u00e0 c\u00e1c khu\u00f4n g\u1ed1m v\u00e0 th\u00e0nh ph\u1ea9m b\u00e1t h\u01b0\u01a1ng ch\u01b0a tr\u00e1ng men<\/td><\/tr><\/tbody><\/table><\/figure>\n\n\n\n<figure class=\"wp-block-table\"><table><tbody><tr><td><img decoding=\"async\" src=\"https:\/\/neon.vn\/image\/catalog\/module-image\/lo-gom-Bat-Trang3.jpg\" alt=\"\" title=\"\"><\/td><\/tr><tr><td>\u0110\u00e2y l\u00e0 ph\u00f4i ch\u01b0a v\u1ebd nh\u01b0: qu\u1ea3&nbsp;<a href=\"https:\/\/neon.vn\/dieu-bat-gia-co.html\" target=\"_blank\" rel=\"noreferrer noopener\">\u0111i\u1ebfu b\u00e1t<\/a>, b\u00e1t \u0111i\u1ebfu,&nbsp;<a href=\"https:\/\/neon.vn\/nam-ruou.html\" target=\"_blank\" rel=\"noreferrer noopener\">n\u1eadm r\u01b0\u1ee3u<\/a>,&nbsp;<a href=\"https:\/\/neon.vn\/den-dau-tho-den-dau-gia-co-bat-trang-gia-re.html\" target=\"_blank\" rel=\"noreferrer noopener\">\u0111\u00e8n d\u1ea7u<\/a>, ch\u00e2n n\u1ebfn&#8230;<\/td><\/tr><\/tbody><\/table><\/figure>\n\n\n\n<figure class=\"wp-block-table\"><table><tbody><tr><td><img decoding=\"async\" src=\"https:\/\/neon.vn\/image\/catalog\/module-image\/lo-gom-Bat-Trang4.jpg\" alt=\"\" title=\"\"><\/td><\/tr><tr><td>L\u00f2 nung v\u00e0 c\u00e1c th\u00e0nh ph\u1ea9m sau khi v\u1ebd tay \u0111ang \u0111\u01b0\u1ee3c ph\u00e2n lo\u1ea1i<\/td><\/tr><\/tbody><\/table><\/figure>\n\n\n\n<p>Ch\u00fang t\u00f4i cam k\u1ebft s\u1ea3n ph\u1ea9m c\u00f3 gi\u00e1 t\u1ed1t tr\u00ean th\u1ecb tr\u01b0\u1eddng, s\u1ea3n ph\u1ea9m&nbsp; th\u1ef1c t\u1ebf&nbsp; gi\u1ed1ng v\u1edbi h\u00ecnh tr\u00ean website, h\u00e3y li\u00ean h\u1ec7 v\u1edbi t\u00f4i \u0111\u1ec3 \u0111\u1eb7t mua s\u1ea3n ph\u1ea9m:<\/p>\n\n\n\n<p><strong>H\u00e0 N\u1ed9i:<\/strong><br>91 Ng\u00f5 87 Tam Trinh &#8211; Ho\u00e0ng Mai &#8211; H\u00e0 N\u1ed9i.<br>S\u1ed1 7 Tr\u1ea7n Ph\u00fa, Ba \u0110\u00ecnh, H\u00e0 N\u1ed9i.<br>Ms Lan: 0936.403.931<br><strong>TP H\u1ed3 Ch\u00ed Minh:<\/strong><br>491 H\u1eadu Giang, P11, Qu\u1eadn 6, TPHCM (CC Him Lam Ch\u1ee3 L\u1edbn)<br>&#8212;&#8212;&#8212;&#8212;&#8212;&#8212;&#8212;&#8212;&#8212;&#8212;&#8212;&#8212;&#8212;&#8212;&#8212;&#8212;&#8212;&#8212;&#8212;&#8212;&#8212;&#8212;&#8212;&#8212;-<br>Email: lan@neon.vn<\/p>\n","protected":false},"excerpt":{"rendered":"<p>Ch\u00fang t\u00f4i giao h\u00e0ng b\u00e1n h\u00e0ng thu ti\u1ec1n tr\u00ean to\u00e0n qu\u1ed1c.&nbsp;&nbsp;H\u00ecnh \u1ea3nh l\u00f2 g\u1ed1m t\u1ea1i B\u00e1t Tr\u00e0ng n\u01a1i s\u1ea3n xu\u1ea5t c\u00e1c s\u1ea3n ph\u1ea9m c\u1ee7a ch\u00fang t\u00f4i: M\u1ed9t g\u00f3c s\u1ea3n xu\u1ea5t c\u1ee7a l\u00f2 \u0110\u00e2y l\u00e0 c\u00e1c khu\u00f4n g\u1ed1m v\u00e0 th\u00e0nh ph\u1ea9m b\u00e1t h\u01b0\u01a1ng ch\u01b0a tr\u00e1ng men \u0110\u00e2y l\u00e0 ph\u00f4i ch\u01b0a v\u1ebd nh\u01b0: qu\u1ea3&nbsp;\u0111i\u1ebfu b\u00e1t, b\u00e1t \u0111i\u1ebfu,&nbsp;n\u1eadm [&hellip;]<\/p>\n","protected":false},"author":1,"featured_media":2299,"parent":0,"menu_order":0,"comment_status":"closed","ping_status":"closed","template":"","meta":{"footnotes":""},"amp_enabled":true,"_links":{"self":[{"href":"https:\/\/neon.vn\/blogs\/wp-json\/wp\/v2\/pages\/2306"}],"collection":[{"href":"https:\/\/neon.vn\/blogs\/wp-json\/wp\/v2\/pages"}],"about":[{"href":"https:\/\/neon.vn\/blogs\/wp-json\/wp\/v2\/types\/page"}],"author":[{"embeddable":true,"href":"https:\/\/neon.vn\/blogs\/wp-json\/wp\/v2\/users\/1"}],"replies":[{"embeddable":true,"href":"https:\/\/neon.vn\/blogs\/wp-json\/wp\/v2\/comments?post=2306"}],"version-history":[{"count":1,"href":"https:\/\/neon.vn\/blogs\/wp-json\/wp\/v2\/pages\/2306\/revisions"}],"predecessor-version":[{"id":2307,"href":"https:\/\/neon.vn\/blogs\/wp-json\/wp\/v2\/pages\/2306\/revisions\/2307"}],"wp:featuredmedia":[{"embeddable":true,"href":"https:\/\/neon.vn\/blogs\/wp-json\/wp\/v2\/media\/2299"}],"wp:attachment":[{"href":"https:\/\/neon.vn\/blogs\/wp-json\/wp\/v2\/media?parent=2306"}],"curies":[{"name":"wp","href":"https:\/\/api.w.org\/{rel}","templated":true}]}}